alculate the greatest common divisor of 1541 and 335.
67
What is the greatest common divisor of 1106 and 948?
158
What is the greatest common divisor of 14 and 18?
2
Calculate the highest common factor of 90 and 1035.
45
Calculate the greatest common factor of 1575 and 2925.
225
What is the highest common factor of 4018 and 164?
82
Calculate the greatest common factor of 64 and 28608.
64
What is the highest common factor of 364 and 154?
14
Calculate the highest common factor of 5597 and 1158.
193
Calculate the highest common factor of 12835 and 85.
85
What is the highest common divisor of 44 and 72?
4
Calculate the greatest common factor of 121 and 3751.
121
Calculate the greatest common divisor of 231 and 165.
33
What is the highest common factor of 1440 and 255?
15
Calculate the highest common divisor of 37 and 296.
37
What is the greatest common factor of 152 and 3952?
152
Calculate the highest common divisor of 32 and 40528.
16
Calculate the highest common divisor of 600 and 15.
15
What is the highest common divisor of 40 and 104?
8
Calculate the greatest common factor of 12750 and 102.
102
Calculate the greatest common factor of 38 and 1862.
38
Calculate the greatest common divisor of 435 and 17545.
145
Calculate the highest common factor of 6 and 381.
3
What is the highest common factor of 5044 and 52?
52
What is the greatest common divisor of 18981 and 399?
57
Calculate the highest common divisor of 27 and 1197.
9
What is the highest common factor of 40 and 14710?
10
What is the greatest common divisor of 528 and 22?
22
Calculate the highest common divisor of 28 and 136.
4
What is the highest common divisor of 86 and 6278?
86
What is the highest common divisor of 550 and 44?
22
What is the highest common factor of 4329 and 234?
117
What is the greatest common divisor of 19909 and 43?
43
Calculate the greatest common factor of 24 and 352.
8
What is the highest common factor of 28 and 63?
7
Calculate the greatest common divisor of 60 and 285.
15
What is the greatest common divisor of 8512 and 19?
19
Calculate the highest common factor of 230 and 161.
23
Calculate the greatest common divisor of 2148 and 48.
12
Calculate the greatest common divisor of 240 and 60.
60
What is the highest common factor of 2240 and 55?
5
Calculate the highest common divisor of 36 and 348.
12
What is the greatest common divisor of 17 and 459?
17
Calculate the greatest common divisor of 155 and 30.
5
Calculate the greatest common divisor of 1500 and 24.
12
What is the greatest common divisor of 25 and 23975?
25
What is the highest common divisor of 9 and 11493?
9
Calculate the highest common factor of 4104 and 2964.
228
What is the greatest common divisor of 2336 and 657?
73
What is the greatest common divisor of 84 and 105?
21
Calculate the highest common divisor of 909 and 36.
9
Calculate the greatest common divisor of 190 and 70.
10
What is the highest common divisor of 660 and 48?
12
Calculate the greatest common divisor of 130 and 1729.
13
What is the greatest common factor of 1424 and 80?
16
What is the highest common divisor of 210 and 714?
42
What is the highest common factor of 219 and 12921?
219
What is the highest common factor of 23 and 667?
23
What is the greatest common divisor of 74951 and 311?
311
Calculate the highest common divisor of 264 and 33.
33
Calculate the greatest common factor of 697 and 17.
17
Calculate the highest common divisor of 504 and 2079.
63
Calculate the highest common divisor of 33 and 220.
11
Calculate the highest common factor of 110 and 176.
22
Calculate the greatest common divisor of 55 and 33.
11
What is the greatest common divisor of 6858 and 12?
6
What is the greatest common factor of 14 and 994?
14
What is the greatest common factor of 35854 and 182?
182
Calculate the greatest common factor of 1353 and 328.
41
Calculate the highest common factor of 34937 and 69.
23
What is the greatest common factor of 133 and 7?
7
Calculate the highest common factor of 2010 and 120.
30
What is the highest common divisor of 660 and 10?
10
What is the greatest common divisor of 66 and 18381?
33
What is the greatest common factor of 1 and 72?
1
Calculate the greatest common factor of 30 and 5550.
30
Calculate the greatest common divisor of 33722 and 78.
26
What is the greatest common divisor of 105 and 12?
3
Calculate the greatest common divisor of 1207 and 17.
17
What is the highest common factor of 680 and 50?
10
Calculate the highest common divisor of 1 and 1374.
1
What is the greatest common divisor of 1 and 71?
1
What is the highest common divisor of 32 and 160?
32
Calculate the greatest common factor of 4503 and 57.
57
Calculate the highest common divisor of 41 and 3977.
41
Calculate the highest common factor of 640 and 40.
40
What is the greatest common factor of 765 and 680?
85
Calculate the greatest common divisor of 4040 and 320.
40
What is the highest common divisor of 2077 and 1675?
67
Calculate the highest common divisor of 56 and 21224.
56
What is the highest common divisor of 8559 and 54?
27
Calculate the greatest common factor of 81 and 270.
27
What is the highest common factor of 2 and 794?
2
What is the highest common factor of 135 and 120?
15
What is the highest common divisor of 100 and 190?
10
Calculate the greatest common factor of 51 and 1938.
51
What is the greatest common divisor of 1195 and 5?
5
Calculate the greatest common divisor of 33988 and 29.
29
Calculate the highest common divisor of 291 and 1843.
97
What is the highest common divisor of 72 and 2088?
72
What is the greatest common divisor of 8 and 16?
8
What is the greatest common divisor of 162 and 297?
27
Calculate the greatest common factor of 33 and 143.
11
What is the highest common factor of 280 and 896?
56
Calculate the highest common factor of 105 and 1659.
21
Calculate the highest common factor of 85 and 17.
17
What is the highest common factor of 45 and 30?
15
Calculate the greatest common divisor of 896 and 56.
56
Calculate the greatest common divisor of 800 and 50.
50
Calculate the greatest common factor of 175 and 7.
7
What is the highest common factor of 240 and 195?
15
What is the greatest common divisor of 68 and 901?
17
Calculate the highest common divisor of 1 and 121.
1
What is the greatest common factor of 265 and 53?
53
What is the highest common divisor of 8 and 21592?
8
Calculate the highest common divisor of 10 and 155.
5
What is the highest common factor of 189 and 84?
21
Calculate the highest common factor of 118 and 106.
2
Calculate the greatest common factor of 64 and 128.
64
Calculate the highest common factor of 117 and 89154.
117
Calculate the greatest common divisor of 52 and 2002.
26
Calculate the greatest common factor of 40 and 776.
8
Calculate the highest common factor of 450 and 100.
50
What is the highest common divisor of 10235 and 115?
115
What is the greatest common factor of 207 and 46?
23
Calculate the greatest common factor of 4137 and 21.
21
What is the highest common factor of 833 and 7?
7
Calculate the greatest common divisor of 15 and 30.
15
What is the highest common factor of 456 and 224?
8
Calculate the greatest common factor of 261 and 2523.
87
Calculate the highest common factor of 2090 and 440.
110
Calculate the greatest common factor of 10519 and 67.
67
What is the greatest common factor of 1406 and 74?
74
Calculate the highest common divisor of 52 and 3406.
26
What is the greatest common factor of 867 and 459?
51
Calculate the highest common factor of 49 and 49.
49
What is the highest common factor of 12 and 156?
12
What is the highest common factor of 164 and 4?
4
Calculate the greatest common divisor of 1007 and 212.
53
What is the highest common divisor of 12 and 150?
6
Calculate the greatest common factor of 1881 and 38.
19
Calculate the highest common factor of 9 and 41.
1
What is the greatest common divisor of 53 and 2491?
53
Calculate the greatest common divisor of 236 and 4.
4
What is the highest common divisor of 2 and 1318?
2
Calculate the greatest common divisor of 26 and 403.
13
Calculate the greatest common divisor of 15 and 125.
5
Calculate the greatest common divisor of 297 and 3.
3
Calculate the highest common divisor of 32 and 4.
4
Calculate the highest common divisor of 4 and